 = 0. Suppose 0 = -3*v + c + 19, 4*c + l - 5 = 4*v. List the prime factors of v.
2
Suppose 5*b = 6 + 34. What are the prime factors of b?
2
Let s(t) = -t**3 - 3*t**2 - 2*t. Let r be s(-4). List the prime factors of r/9*(-9)/(-6).
2
Let t = -26 + 31. What are the prime factors of t?
5
Suppose -5*j + 71 + 59 = 0. List the prime factors of j.
2, 13
Let m be (-1)/((-2)/(810/3)). Suppose 2*v = -3*v + 4*t + m, -3*t = -3*v + 78. List the prime factors of v.
31
Let g = 175 - -9. Suppose 2*d + g = 54. List the prime factors of d/(-4) - (-3)/(-12).
2
Suppose a = z + 79, -88 - 58 = -2*a - 4*z. Suppose f + 2 = -5*q - 0*q, -5*f + 4*q + a = 0. What are the prime factors of f?
13
Suppose 4*t + 10 = -22. List the prime factors of ((-22)/t)/((-5)/(-20)).
11
What are the prime factors of 12/(((-8)/6)/((-110)/33))?
2, 3, 5
Let m be 1/(3*(-1)/(-90)). List the prime factors of (m/(-7))/(33/(-154)).
2, 5
Let c(x) be the first derivative of -x**4/4 - x**3 + 2*x**2 + 2*x - 4. What are the prime factors of c(-4)?
2
Let b(k) = -k + 4. Let d(r) = r. Let i(l) = -b(l) - 3*d(l). What are the prime factors of i(-4)?
2
Let k = 51 + -11. What are the prime factors of k?
2, 5
Let z = 381 - 216. What are the prime factors of z?
3, 5, 11
Let u be ((-2)/(-3))/(2/(-30)). Let c be -2 + (-1)/2*u. Suppose -c*f = -i - 16 - 25, -2*f + 24 = i. What are the prime factors of f?
13
Let y = 2 + 0. Suppose m - 18 = -y*m. Suppose s = m - 0. List the prime factors of s.
2, 3
Suppose -4*n + 2*r = 3*r - 16, 8 = 2*n + r. Suppose n*v - 5 = 11. Suppose -p = -2*p + v. What are the prime factors of p?
2
List the prime factors of (74/5)/((-1)/(-5)).
2, 37
Let l(f) = -3*f + 6. What are the prime factors of l(-8)?
2, 3, 5
Suppose -3*a + 20 = a. Suppose 3*g - 1 = -2*o - 3, -3*o = a*g + 2. List the prime factors of (o - -1)/(2/(-6)).
3
Let x = -9 - -11. Suppose -21 - 5 = x*l. Let m = 6 - l. List the prime factors of m.
19
Let i = -325 - -465. What are the prime factors of i?
2, 5, 7
Let g(k) = k**3 + 10*k**2 - 9*k + 1. List the prime factors of g(-10).
7, 13
Suppose 65 = 4*v - 395. Suppose -3*x - 2*x = v. Let z = 34 + x. List the prime factors of z.
11
Let r = -17 - -28. List the prime factors of r.
11
Suppose -u - 52 = 3*u. Let r = u + 24. What are the prime factors of r?
11
Suppose 3*t - t = 4. Suppose 8 = v + t. List the prime factors of v.
2, 3
List the prime factors of (14/8)/(19/456).
2, 3, 7
Let j = 0 + 3. Let o be j*(1 - 3)/(-2). Suppose -5*q + 67 = -2*m, 39 = o*q - m - 1. What are the prime factors of q?
13
Let y = 52 - -6. List the prime factors of y.
2, 29
Let y = -82 - -57. Let f = y + 44. What are the prime factors of f?
19
Let f be 20 + 0 - (1 - 1). Let w = 52 + -52. Suppose -2*p + x + 46 = w, -3*x = 3*p - 31 - f. List the prime factors of p.
3, 7
Let w = 15 + -11. Suppose w*x - 6 - 6 = 0. List the prime factors of x.
3
Let s be 0/((-3)/(6/(-4))). Let c be 1 - s - (-2 + 1). Suppose c = -3*x + 17. List the prime factors of x.
5
Let l = 7 - 4. Suppose l = -r + 7. What are the prime factors of r?
2
Let k = -10 + 3. Let a be (-2)/k + 84/49. Suppose o - 4*f - 20 = 0, 3*o - a*f - f = 24. What are the prime factors of o?
2
Let t(x) = 3*x + 1. Suppose -4*r - 15 = -7*r. List the prime factors of t(r).
2
Let g(u) = -u**3 - 2*u**2 - u + 1. Let r be g(-2). Suppose -4*o - o + 3*h + 9 = 0, r*o + h - 11 = 0. What are the prime factors of o?
3
Let c(d) = -d**3 - 8*d**2 - 8*d - 5. Let h be c(-7). Suppose -3 - 17 = -h*i. Let w = i - 4. List the prime factors of w.
2, 3
Let m(d) = -2*d + 9. Let h be m(6). Let l be h/(-2)*28/6. Suppose z = 5*j - 15, 2*z + z + l = -4*j. List the prime factors of j.
2
Suppose 2*f - 3*f - 21 = -4*h, h - 3*f = -3. List the prime factors of h.
2, 3
Suppose -3*l + 41 = q - 69, -3*q + 5*l + 358 = 0. What are the prime factors of q?
2, 29
Suppose 0 = -a + 3*d + 250, 4*a - 857 = -3*d + 68. What are the prime factors of a?
5, 47
Let z(s) = -s - 4. Let u be z(0). Let p be u*(2 + 1 + -8). Let h = p - 12. What are the prime factors of h?
2
Suppose -5*v + 741 = 226. What are the prime factors of v?
103
Let u = -191 - -325. What are the prime factors of u?
2, 67
Suppose -3*y - 15 = -3, 3*l - 22 = 4*y. Suppose -3*k - 2*q = -14, l*k = 3*q + q + 4. List the prime factors of (26/(-4))/(k/(-8)).
13
Let s(z) = -z**2 - z + 4. Suppose -2*c + 4*c + 8 = -4*m, 0 = -5*c + 10. Let k be s(m). What are the prime factors of (-106)/(-6) - k/6?
2, 3
Let l = 11 + -7. List the prime factors of (l - -1)/(1/2).
2, 5
Suppose 0 = -3*c + 428 - 59. Let m = -87 + c. List the prime factors of m.
2, 3
Let v(s) = s**2 + 9*s - 19. What are the prime factors of v(-13)?
3, 11
Let f(u) = 3 - 6*u**2 + 3*u**2 - 3*u + 5*u**2. List the prime factors of f(3).
2, 3
Let c = -161 + 413. What are the prime factors of c?
2, 3, 7
Let x(w) = -w**3 + 6*w**2 - 4*w + 5. Let u be x(5). Suppose 95 = 15*l - u*l. What are the prime factors of l?
19
Suppose 90*m - 92*m + 222 = 0. List the prime factors of m.
3, 37
Let o = -4 - -7. Suppose 2*j = o + 23. List the prime factors of j.
13
Let k = 9 - 5. Suppose -k*q + 4*p = 0, 5*p - p - 20 = 0. Suppose -28 = -q*s + 32. List the prime factors of s.
2, 3
Suppose 2*i = -3*y + 202, 5*i = 4*i - 1. List the prime factors of ((-255)/y)/(3/(-8)).
2, 5
Suppose -3*o = -4*p + 140, -2*p = -o + 5*o - 92. List the prime factors of p.
2, 19
Let o = 1 - 1. Suppose -5*v - 2*q + 16 = -o*v, -5*v - 5*q = -10. Suppose -15 = -v*r + 9. What are the prime factors of r?
2, 3
Let h = 8 - 8. Let d = h - -5. Suppose k - 5*w = -w + 6, d*k + 3*w = 30. What are the prime factors of k?
2, 3
Let a = 11 - 5. Suppose s - a = 2*x + 5, -5*s - 2*x + 43 = 0. What are the prime factors of s?
3
List the prime factors of -1*(3 + 361)/(-4).
7, 13
Suppose 4*i = -5*t - 61, 13 + 12 = -5*i + 4*t. Let g = i + 22. What are the prime factors of g?
13
Let s(y) = -5*y + 2*y + y + 3. List the prime factors of s(-4).
11
Let k = 8 + -14. List the prime factors of ((-36)/(-8))/(k/(-40)).
2, 3, 5
Suppose 0 = 2*i + 59 - 349. List the prime factors of i.
5, 29
Suppose 2*d + 44 = 6*d. Suppose -2*a + d = -z + 31, 0 = -a - 2. What are the prime factors of z?
2
Let m = 5 - 2. What are the prime factors of m?
3
Let b(l) = 2*l - 1. Let h(r) = r**3 + 5*r**2 + 4*r + 2. Let j be h(-4). Let a be b(j). Suppose 0 = -a*d + 56 - 2. List the prime factors of d.
2, 3
What are the prime factors of ((-6)/(-4))/((-2)/((-412)/3))?
103
Suppose 5*b - 49 - 121 = 0. What are the prime factors of b?
2, 17
Suppose 907 = 8*t - 829. List the prime factors of t.
7, 31
Suppose 0 = 4*k + g + 157, -5*k = 2*g - 85 + 279. Let o = -8 - k. List the prime factors of o.
2
Let t(m) = 2*m - 5. Let y be t(5). Let q be (-6)/9*(y - 2). Let v = q + 7. List the prime factors of v.
5
Let a(d) = -7*d**2 + d + 15. Let w(u) = -3*u**2 + u + 7. Let b(n) = -4*a(n) + 9*w(n). Suppose 0 - 6 = j. What are the prime factors of b(j)?
3
Let n(i) = 4*i**2 - 2*i - 4. What are the prime factors of n(3)?
2, 13
Let k = 78 + -122. Let w = k + 84. List the prime factors of w.
2, 5
Let x be (16/(-12))/((-3)/9). List the prime factors of (-8)/3*(-18)/x.
2, 3
Let b(k) = -5*k**2 - 8*k - 2 + 10 + k**3 + k. Let d be b(6). Suppose -d*p + 0*p = -22. List the prime factors of p.
11
Let h(s) = 2*s + 4. Let g be h(-5). Let q be 2/(-5) + (-272)/(-5). What are the prime factors of (2/g)/((-2)/q)?
3
Let p be -2*(6/8)/(24/64). Let q(g) = -2*g**2 - 3*g**2 - 6 - 6*g - 2*g**3 + g**3. List the prime factors of q(p).
2
Let c be (-2734)/(-30) + 8/(-60). Suppose 0 = -4*m + c + 89. What are the prime factors of m?
3, 5
Suppose -3*n - 2*n + 190 = 0. List the prime factors of n.
2, 19
Let c(l) = 11*l + 2. Let r be c(-2). Let p = 10 - 12. What are the prime factors of r/(-12)*(1 - p)?
5
Let r(q) = -q**3 + 5. Let u be r(0). Suppose -164 = l - u*l. What are the prime factors of l?
41
Suppose 10 = 4*g - 2*k, 6*k = 3*k + 15. Let h = g - -2. What are the prime factors of h?
7
Suppose 0 = 5*b - 4*w + 7, -5*b + 3*w = -3 + 7. Let p(q) = q + 9. Let k be p(-7). Suppose -b = -m + k. What are the prime factors of m?
3
Suppose -4*f + 0 + 16 = 0. List the prime factors of f.
2
Let j(r) = -2*r - 8. Let v be j(-8). Let l = v - 4. List the prime factors of l.
2
Suppose 5*y = -3*u + 36, -y = u - 10 - 0. Suppose -5*f = 3*d - 14, -u = d - 5*d + 5*f. Let w = d + 1